{"id":1967,"date":"2024-02-21T15:39:45","date_gmt":"2024-02-21T15:39:45","guid":{"rendered":"https:\/\/bodegasjarrin.com\/index.php\/producto\/licuadora-oster-clasica\/"},"modified":"2025-02-03T21:03:40","modified_gmt":"2025-02-03T21:03:40","slug":"licuadora-oster-clasica","status":"publish","type":"product","link":"https:\/\/bodegasjarrin.com\/index.php\/producto\/licuadora-oster-clasica\/","title":{"rendered":"LICUADORA OSTER CL\u00c1SICA"},"content":{"rendered":"<p><iframe loading=\"lazy\" src=\"https:\/\/osterlatino.com\/pdp\/BLST4655-013\/BLST4655013-2560x1600.html\" width=\"1100\" height=\"2000\" data-mce-fragment=\"1\"><\/iframe><\/p>\n<p>Las ic\u00f3nicas licuadoras Oster\u00ae son sin\u00f3nimo de eficiencia y durabilidad. Y ahora, el nuevo dise\u00f1o moderno de la espectacular licuadora cl\u00e1sica Oster\u00ae en cromo, reinventada y modernizada con perilla, te brinda una experiencia a\u00fan mejor. Su potente motor 6 veces m\u00e1s duradero** con 1000 W de potencia****, vaso de vidrio refractario Boroclass\u00ae resistente a ingredientes hirviendo*, acople met\u00e1lico 10 veces m\u00e1s fuerte***, junto con su revolucionaria cuchilla trituradora de hielo te ayudan a preparar deliciosas y saludables recetas. Tiene un novedoso dise\u00f1o y sus controles son ergon\u00f3micos. \u00a1Y estas son tan solo algunas de sus muchas otras ventajas!<\/p>\n<p>&nbsp;<\/p>\n<ul>\n<li>Vaso de vidrio refractario Boroclass\u00ae de 1,25 litros (5 tazas) de capacidad resistente a ingredientes hirviendo* que es perfecto para preparar sopas y otros platos calientes o fr\u00edos.<\/li>\n<li>Motor 6 veces m\u00e1s duradero** que le garantiza larga vida a la licuadora.<\/li>\n<li>Sistema de acople de met\u00e1lico 10 veces m\u00e1s fuerte*** entre la cuchilla y el eje de la base que prolonga la vida de la licuadora.<\/li>\n<li>Acabado de primera calidad de aluminio en relieve con detalles pulidos y gr\u00e1ficos impresos.<\/li>\n<li>Revolucionaria cuchilla trituradora de hielo.<\/li>\n<li>Con perilla ergon\u00f3mica de tres velocidades.<\/li>\n<li>Perilla 50% m\u00e1s grande para mejor ergonom\u00eda****.<\/li>\n<li>Potente motor con 1000 W de potencia*****.<\/li>\n<\/ul>\n<p>&nbsp;<\/p>\n<p>*Hasta un choque t\u00e9rmico de 90\u00b0<br \/>\n**Comparado con motor modelo PU5443127-6115-AL en pruebas de carga<br \/>\n***Resistencia a la tracci\u00f3n de acero laminado en frio 1213 comparado con pl\u00e1stico PP<br \/>\n****Potencia pico<\/p>\n","protected":false},"excerpt":{"rendered":"<p>Las ic\u00f3nicas licuadoras Oster\u00ae son sin\u00f3nimo de eficiencia y durabilidad. Y ahora, el nuevo dise\u00f1o moderno de la espectacular licuadora&hellip;<\/p>\n","protected":false},"featured_media":2389,"template":"","meta":{"_joinchat":[]},"product_cat":[36,59],"product_tag":[],"class_list":{"0":"post-1967","1":"product","2":"type-product","3":"status-publish","4":"has-post-thumbnail","6":"product_cat-electromenores","7":"product_cat-licuadoras","9":"first","10":"instock","11":"taxable","12":"shipping-taxable","13":"purchasable","14":"product-type-simple"},"jetpack_sharing_enabled":true,"_links":{"self":[{"href":"https:\/\/bodegasjarrin.com\/index.php\/wp-json\/wp\/v2\/product\/1967","targetHints":{"allow":["GET"]}}],"collection":[{"href":"https:\/\/bodegasjarrin.com\/index.php\/wp-json\/wp\/v2\/product"}],"about":[{"href":"https:\/\/bodegasjarrin.com\/index.php\/wp-json\/wp\/v2\/types\/product"}],"wp:featuredmedia":[{"embeddable":true,"href":"https:\/\/bodegasjarrin.com\/index.php\/wp-json\/wp\/v2\/media\/2389"}],"wp:attachment":[{"href":"https:\/\/bodegasjarrin.com\/index.php\/wp-json\/wp\/v2\/media?parent=1967"}],"wp:term":[{"taxonomy":"product_cat","embeddable":true,"href":"https:\/\/bodegasjarrin.com\/index.php\/wp-json\/wp\/v2\/product_cat?post=1967"},{"taxonomy":"product_tag","embeddable":true,"href":"https:\/\/bodegasjarrin.com\/index.php\/wp-json\/wp\/v2\/product_tag?post=1967"}],"curies":[{"name":"wp","href":"https:\/\/api.w.org\/{rel}","templated":true}]}}